{"id":117,"date":"2018-05-15T21:49:09","date_gmt":"2018-05-15T21:49:09","guid":{"rendered":"http:\/\/lyndalamadrid.com\/blog\/?page_id=117"},"modified":"2020-11-05T04:40:46","modified_gmt":"2020-11-05T04:40:46","slug":"wedding-notes","status":"publish","type":"page","link":"https:\/\/lyndalamadrid.pe\/blog\/index.php\/wedding-notes\/","title":{"rendered":"Blog"},"content":{"rendered":"<div id=\"pl-117\"  class=\"panel-layout\" ><div id=\"pg-117-0\"  class=\"panel-grid panel-no-style\" ><div id=\"pgc-117-0-0\"  class=\"panel-grid-cell\" ><div id=\"panel-117-0-0-0\" class=\"so-panel widget widget_media_image panel-first-child\" data-index=\"0\" ><img loading=\"lazy\" decoding=\"async\" data-attachment-id=\"456\" data-permalink=\"https:\/\/lyndalamadrid.pe\/blog\/index.php\/wedding-notes\/dsc_9380aaa1\/\" data-orig-file=\"https:\/\/i0.wp.com\/lyndalamadrid.pe\/blog\/wp-content\/uploads\/2020\/11\/DSC_9380aaa1-scaled-e1604551050996.jpg?fit=2560%2C1196&amp;ssl=1\" data-orig-size=\"2560,1196\" data-comments-opened=\"1\" data-image-meta=\"{&quot;aperture&quot;:&quot;4&quot;,&quot;credit&quot;:&quot;&quot;,&quot;camera&quot;:&quot;NIKON D850&quot;,&quot;caption&quot;:&quot;&quot;,&quot;created_timestamp&quot;:&quot;1553935323&quot;,&quot;copyright&quot;:&quot;&quot;,&quot;focal_length&quot;:&quot;24&quot;,&quot;iso&quot;:&quot;4000&quot;,&quot;shutter_speed&quot;:&quot;0.01&quot;,&quot;title&quot;:&quot;&quot;,&quot;orientation&quot;:&quot;1&quot;}\" data-image-title=\"DSC_9380aaa1\" data-image-description=\"\" data-image-caption=\"\" data-medium-file=\"https:\/\/i0.wp.com\/lyndalamadrid.pe\/blog\/wp-content\/uploads\/2020\/11\/DSC_9380aaa1-scaled-e1604551050996.jpg?fit=300%2C140&amp;ssl=1\" data-large-file=\"https:\/\/i0.wp.com\/lyndalamadrid.pe\/blog\/wp-content\/uploads\/2020\/11\/DSC_9380aaa1-scaled-e1604551050996.jpg?fit=750%2C350&amp;ssl=1\" tabindex=\"0\" role=\"button\" width=\"1920\" height=\"897\" src=\"https:\/\/i0.wp.com\/lyndalamadrid.pe\/blog\/wp-content\/uploads\/2020\/11\/DSC_9380aaa1-scaled-e1604551050996.jpg?fit=1920%2C897&amp;ssl=1\" class=\"image wp-image-456  attachment-1920x1280 size-1920x1280\" alt=\"\" style=\"max-width: 100%; height: auto;\" srcset=\"https:\/\/i0.wp.com\/lyndalamadrid.pe\/blog\/wp-content\/uploads\/2020\/11\/DSC_9380aaa1-scaled-e1604551050996.jpg?w=2560&amp;ssl=1 2560w, https:\/\/i0.wp.com\/lyndalamadrid.pe\/blog\/wp-content\/uploads\/2020\/11\/DSC_9380aaa1-scaled-e1604551050996.jpg?resize=300%2C140&amp;ssl=1 300w, https:\/\/i0.wp.com\/lyndalamadrid.pe\/blog\/wp-content\/uploads\/2020\/11\/DSC_9380aaa1-scaled-e1604551050996.jpg?resize=1024%2C478&amp;ssl=1 1024w, https:\/\/i0.wp.com\/lyndalamadrid.pe\/blog\/wp-content\/uploads\/2020\/11\/DSC_9380aaa1-scaled-e1604551050996.jpg?resize=768%2C359&amp;ssl=1 768w, https:\/\/i0.wp.com\/lyndalamadrid.pe\/blog\/wp-content\/uploads\/2020\/11\/DSC_9380aaa1-scaled-e1604551050996.jpg?resize=1536%2C718&amp;ssl=1 1536w, https:\/\/i0.wp.com\/lyndalamadrid.pe\/blog\/wp-content\/uploads\/2020\/11\/DSC_9380aaa1-scaled-e1604551050996.jpg?resize=2048%2C957&amp;ssl=1 2048w, https:\/\/i0.wp.com\/lyndalamadrid.pe\/blog\/wp-content\/uploads\/2020\/11\/DSC_9380aaa1-scaled-e1604551050996.jpg?w=2250 2250w\" sizes=\"(max-width: 750px) 100vw, 750px\" data-attachment-id=\"456\" data-permalink=\"https:\/\/lyndalamadrid.pe\/blog\/index.php\/wedding-notes\/dsc_9380aaa1\/\" data-orig-file=\"https:\/\/i0.wp.com\/lyndalamadrid.pe\/blog\/wp-content\/uploads\/2020\/11\/DSC_9380aaa1-scaled-e1604551050996.jpg?fit=2560%2C1196&amp;ssl=1\" data-orig-size=\"2560,1196\" data-comments-opened=\"1\" data-image-meta=\"{&quot;aperture&quot;:&quot;4&quot;,&quot;credit&quot;:&quot;&quot;,&quot;camera&quot;:&quot;NIKON D850&quot;,&quot;caption&quot;:&quot;&quot;,&quot;created_timestamp&quot;:&quot;1553935323&quot;,&quot;copyright&quot;:&quot;&quot;,&quot;focal_length&quot;:&quot;24&quot;,&quot;iso&quot;:&quot;4000&quot;,&quot;shutter_speed&quot;:&quot;0.01&quot;,&quot;title&quot;:&quot;&quot;,&quot;orientation&quot;:&quot;1&quot;}\" data-image-title=\"DSC_9380aaa1\" data-image-description=\"\" data-image-caption=\"\" data-medium-file=\"https:\/\/i0.wp.com\/lyndalamadrid.pe\/blog\/wp-content\/uploads\/2020\/11\/DSC_9380aaa1-scaled-e1604551050996.jpg?fit=300%2C140&amp;ssl=1\" data-large-file=\"https:\/\/i0.wp.com\/lyndalamadrid.pe\/blog\/wp-content\/uploads\/2020\/11\/DSC_9380aaa1-scaled-e1604551050996.jpg?fit=750%2C350&amp;ssl=1\" tabindex=\"0\" role=\"button\" \/><\/div><div id=\"panel-117-0-0-1\" class=\"so-panel widget widget_sow-post-carousel panel-last-child\" data-index=\"1\" ><div\n\t\t\t\n\t\t\tclass=\"so-widget-sow-post-carousel so-widget-sow-post-carousel-base-993cf29063d5-117\"\n\t\t\t\n\t\t>\t<div\n\t\tclass=\"sow-post-carousel-wrapper sow-post-carousel-theme-base\"\n\t\tstyle=\"overflow: hidden; max-width: 100%; min-height: 182px\"\n\t>\n\t\t<div class=\"sow-carousel-title\">\n\t\t\t<div class=\"sow-carousel-navigation \">\n\t\t\t\t\t\t<a href=\"#\" class=\"sow-carousel-next\" title=\"Siguiente\" aria-label=\"Entradas siguientes\" role=\"button\"><\/a>\n\t\t\t\t\t\t<a href=\"#\" class=\"sow-carousel-previous\" title=\"Anterior\" aria-label=\"Entradas anteriores\" role=\"button\"><\/a>\n\t\t\t\t\t<\/div>\n\t<\/div>\n\n<div class=\"sow-carousel-container \">\n\t\t<div class=\"sow-carousel-wrapper\"\n\t\tdata-dir=\"ltr\"\n\t\tstyle=\"opacity: 0;\"\n\t\tdata-widget=\"post\" data-fetching=\"false\" data-page=\"1\" data-ajax-url=\"https:\/\/lyndalamadrid.pe\/blog\/wp-admin\/admin-ajax.php?_widgets_nonce=9860314853\" data-item_count=\"5\" data-carousel_settings=\"{&quot;loop&quot;:true,&quot;animation&quot;:&quot;ease&quot;,&quot;animation_speed&quot;:800,&quot;autoplay&quot;:&quot;&quot;,&quot;pauseOnHover&quot;:&quot;&quot;,&quot;autoplaySpeed&quot;:8000,&quot;item_overflow&quot;:true,&quot;autoplay_continuous_scroll&quot;:false}\" data-responsive=\"{&quot;desktop_slides_to_scroll&quot;:1,&quot;tablet_landscape_breakpoint&quot;:1366,&quot;tablet_landscape_slides_to_scroll&quot;:2,&quot;tablet_portrait_breakpoint&quot;:1025,&quot;tablet_portrait_slides_to_scroll&quot;:2,&quot;mobile_breakpoint&quot;:480,&quot;mobile_slides_to_scroll&quot;:1}\" data-variable_width=\"true\" \t>\n\t\t<div\n\t\t\tclass=\"sow-carousel-items\"\n\t\t\t\t\t>\n\t\t\t\t<div class=\"sow-carousel-item\" tabindex=\"-1\" style=\"float: left;\">\n\t\t<div class=\"sow-carousel-thumbnail\">\n\t\t\t\t\t\t\t<a\n\t\t\t\t\thref=\"https:\/\/lyndalamadrid.pe\/blog\/index.php\/a-mi-tambien-me-enganaron\/03\/03\/2022\/\"\n\t\t\t\t\t\t\t\t\t\tstyle=\"background-image: url( https:\/\/i0.wp.com\/lyndalamadrid.pe\/blog\/wp-content\/uploads\/2022\/03\/030A2445-scaled.jpg?resize=272%2C182&#038;ssl=1 )\"\n\t\t\t\t\taria-labelledby=\"sow-carousel-id-512\"\n\t\t\t\t\ttabindex=\"-1\"\n\t\t\t\t>\n\t\t\t\t\t<span class=\"overlay\"><\/span>\n\t\t\t\t<\/a>\n\t\t\t\t\t<\/div>\n\t\t<h3 class=\"sow-carousel-item-title\">\n\t\t\t<a\n\t\t\t\thref=\"https:\/\/lyndalamadrid.pe\/blog\/index.php\/a-mi-tambien-me-enganaron\/03\/03\/2022\/\"\n\t\t\t\tid=\"sow-carousel-id-512\"\n\t\t\t\t\t\t\t\ttabindex=\"-1\"\n\t\t\t>\n\n\t\t\t\t\u00abA m\u00ed tambi\u00e9n me enga\u00f1aron\u00bb\t\t\t<\/a>\n\t\t<\/h3>\n\t<\/div>\n\t<div class=\"sow-carousel-item\" tabindex=\"-1\" style=\"float: left;\">\n\t\t<div class=\"sow-carousel-thumbnail\">\n\t\t\t\t\t\t\t<a\n\t\t\t\t\thref=\"https:\/\/lyndalamadrid.pe\/blog\/index.php\/como-entenderte-con-tu-fotografo-el-dia-de-tu-boda\/08\/06\/2019\/\"\n\t\t\t\t\t\t\t\t\t\tstyle=\"background-image: url( https:\/\/i0.wp.com\/lyndalamadrid.pe\/blog\/wp-content\/uploads\/2019\/06\/IMG_9679.jpg?resize=272%2C182&#038;ssl=1 )\"\n\t\t\t\t\taria-labelledby=\"sow-carousel-id-334\"\n\t\t\t\t\ttabindex=\"-1\"\n\t\t\t\t>\n\t\t\t\t\t<span class=\"overlay\"><\/span>\n\t\t\t\t<\/a>\n\t\t\t\t\t<\/div>\n\t\t<h3 class=\"sow-carousel-item-title\">\n\t\t\t<a\n\t\t\t\thref=\"https:\/\/lyndalamadrid.pe\/blog\/index.php\/como-entenderte-con-tu-fotografo-el-dia-de-tu-boda\/08\/06\/2019\/\"\n\t\t\t\tid=\"sow-carousel-id-334\"\n\t\t\t\t\t\t\t\ttabindex=\"-1\"\n\t\t\t>\n\n\t\t\t\t\u00bfC\u00f3mo entenderte con tu fot\u00f3grafo el d\u00eda de tu Boda?\t\t\t<\/a>\n\t\t<\/h3>\n\t<\/div>\n\t<div class=\"sow-carousel-item\" tabindex=\"-1\" style=\"float: left;\">\n\t\t<div class=\"sow-carousel-thumbnail\">\n\t\t\t\t\t\t\t<a\n\t\t\t\t\thref=\"https:\/\/lyndalamadrid.pe\/blog\/index.php\/quieres-casarte-conmigo-el-anillo-de-compromiso-parte-ii\/14\/06\/2018\/\"\n\t\t\t\t\t\t\t\t\t\tstyle=\"background-image: url( https:\/\/i0.wp.com\/lyndalamadrid.pe\/blog\/wp-content\/uploads\/2018\/06\/11.jpg?resize=272%2C182&#038;ssl=1 )\"\n\t\t\t\t\taria-labelledby=\"sow-carousel-id-232\"\n\t\t\t\t\ttabindex=\"-1\"\n\t\t\t\t>\n\t\t\t\t\t<span class=\"overlay\"><\/span>\n\t\t\t\t<\/a>\n\t\t\t\t\t<\/div>\n\t\t<h3 class=\"sow-carousel-item-title\">\n\t\t\t<a\n\t\t\t\thref=\"https:\/\/lyndalamadrid.pe\/blog\/index.php\/quieres-casarte-conmigo-el-anillo-de-compromiso-parte-ii\/14\/06\/2018\/\"\n\t\t\t\tid=\"sow-carousel-id-232\"\n\t\t\t\t\t\t\t\ttabindex=\"-1\"\n\t\t\t>\n\n\t\t\t\t\u00bfQuieres casarte conmigo? &#8211; El anillo de compromiso, parte II\t\t\t<\/a>\n\t\t<\/h3>\n\t<\/div>\n\t<div class=\"sow-carousel-item\" tabindex=\"-1\" style=\"float: left;\">\n\t\t<div class=\"sow-carousel-thumbnail\">\n\t\t\t\t\t\t\t<a\n\t\t\t\t\thref=\"https:\/\/lyndalamadrid.pe\/blog\/index.php\/quieres-casarte-conmigo-el-anillo-de-compromiso-parte-i\/30\/05\/2018\/\"\n\t\t\t\t\t\t\t\t\t\tstyle=\"background-image: url( https:\/\/i0.wp.com\/lyndalamadrid.pe\/blog\/wp-content\/uploads\/2018\/05\/13.jpg?resize=272%2C182&#038;ssl=1 )\"\n\t\t\t\t\taria-labelledby=\"sow-carousel-id-222\"\n\t\t\t\t\ttabindex=\"-1\"\n\t\t\t\t>\n\t\t\t\t\t<span class=\"overlay\"><\/span>\n\t\t\t\t<\/a>\n\t\t\t\t\t<\/div>\n\t\t<h3 class=\"sow-carousel-item-title\">\n\t\t\t<a\n\t\t\t\thref=\"https:\/\/lyndalamadrid.pe\/blog\/index.php\/quieres-casarte-conmigo-el-anillo-de-compromiso-parte-i\/30\/05\/2018\/\"\n\t\t\t\tid=\"sow-carousel-id-222\"\n\t\t\t\t\t\t\t\ttabindex=\"-1\"\n\t\t\t>\n\n\t\t\t\t\u00bfQuieres casarte conmigo? &#8211; El anillo de compromiso, parte I\t\t\t<\/a>\n\t\t<\/h3>\n\t<\/div>\n\t<div class=\"sow-carousel-item\" tabindex=\"-1\" style=\"float: left;\">\n\t\t<div class=\"sow-carousel-thumbnail\">\n\t\t\t\t\t\t\t<a\n\t\t\t\t\thref=\"https:\/\/lyndalamadrid.pe\/blog\/index.php\/bienvenidas\/15\/05\/2018\/\"\n\t\t\t\t\t\t\t\t\t\tstyle=\"background-image: url( https:\/\/i0.wp.com\/lyndalamadrid.pe\/blog\/wp-content\/uploads\/2018\/05\/LYNDA-LAMADRID-CONTACTO.jpg?resize=272%2C182&#038;ssl=1 )\"\n\t\t\t\t\taria-labelledby=\"sow-carousel-id-1\"\n\t\t\t\t\ttabindex=\"-1\"\n\t\t\t\t>\n\t\t\t\t\t<span class=\"overlay\"><\/span>\n\t\t\t\t<\/a>\n\t\t\t\t\t<\/div>\n\t\t<h3 class=\"sow-carousel-item-title\">\n\t\t\t<a\n\t\t\t\thref=\"https:\/\/lyndalamadrid.pe\/blog\/index.php\/bienvenidas\/15\/05\/2018\/\"\n\t\t\t\tid=\"sow-carousel-id-1\"\n\t\t\t\t\t\t\t\ttabindex=\"-1\"\n\t\t\t>\n\n\t\t\t\tBienvenidas!!!\t\t\t<\/a>\n\t\t<\/h3>\n\t<\/div>\n\t\t<\/div>\n\t\t\t<\/div>\n\n\t<\/div>\n\t\t<input type=\"hidden\" name=\"instance_hash\" value=\"ae3d9723\"\/>\n\t<\/div>\n<\/div><\/div><\/div><\/div><\/div>","protected":false},"excerpt":{"rendered":"","protected":false},"author":1,"featured_media":0,"parent":0,"menu_order":0,"comment_status":"closed","ping_status":"closed","template":"page-templates\/template-pagebuilder-full-width.php","meta":{"jetpack_post_was_ever_published":false,"footnotes":""},"jetpack_sharing_enabled":true,"jetpack_shortlink":"https:\/\/wp.me\/P9SZjT-1T","jetpack-related-posts":[],"jetpack_likes_enabled":true,"_links":{"self":[{"href":"https:\/\/lyndalamadrid.pe\/blog\/index.php\/wp-json\/wp\/v2\/pages\/117"}],"collection":[{"href":"https:\/\/lyndalamadrid.pe\/blog\/index.php\/wp-json\/wp\/v2\/pages"}],"about":[{"href":"https:\/\/lyndalamadrid.pe\/blog\/index.php\/wp-json\/wp\/v2\/types\/page"}],"author":[{"embeddable":true,"href":"https:\/\/lyndalamadrid.pe\/blog\/index.php\/wp-json\/wp\/v2\/users\/1"}],"replies":[{"embeddable":true,"href":"https:\/\/lyndalamadrid.pe\/blog\/index.php\/wp-json\/wp\/v2\/comments?post=117"}],"version-history":[{"count":34,"href":"https:\/\/lyndalamadrid.pe\/blog\/index.php\/wp-json\/wp\/v2\/pages\/117\/revisions"}],"predecessor-version":[{"id":481,"href":"https:\/\/lyndalamadrid.pe\/blog\/index.php\/wp-json\/wp\/v2\/pages\/117\/revisions\/481"}],"wp:attachment":[{"href":"https:\/\/lyndalamadrid.pe\/blog\/index.php\/wp-json\/wp\/v2\/media?parent=117"}],"curies":[{"name":"wp","href":"https:\/\/api.w.org\/{rel}","templated":true}]}}